Let b(t) = -16*t**2 - t - 1. Calculate b(-1).
-16
Let z(k) = -6*k - 5. Determine z(-3).
13
Let f(h) = 2*h - 9. What is f(-12)?
-33
Let b(d) = 4*d**2 + 5*d - 21. Determine b(-7).
140
Let j(x) = 7*x**2 - 9*x + 7. Calculate j(1).
5
Let w(f) = f**3 + 2*f**2 - 8. Determine w(-4).
-40
Let z(n) = -4*n - 3. Calculate z(4).
-19
Let j(x) = -x**2 - 16*x - 27. What is j(-9)?
36
Let r(j) = -j**3 - 9*j**2 - 9*j + 40. Give r(-6).
-14
Let p(d) = d**3 + 7*d**2 - 3*d - 3. What is p(-7)?
18
Let k(z) = 3*z - 16. Determine k(-3).
-25
Let w(t) = -t**3 - 5*t**2. Determine w(-5).
0
Let h(m) = 3*m**3 - m**2 - 2*m - 1. Calculate h(-1).
-3
Let m(j) = -2*j**2 - 10*j + 20. What is m(-7)?
-8
Let r(p) = 5*p + 77. Determine r(-23).
-38
Let d(c) = c**2 - c - 6. Calculate d(4).
6
Let c(h) = -20*h + 265. Calculate c(13).
5
Let w(b) = b**2 - 7*b. What is w(7)?
0
Let u(v) = -v**2 + 7*v - 2. What is u(8)?
-10
Let z(j) = -2*j**2 - 7*j - 5. Give z(-4).
-9
Let a(g) = 12*g - 162. What is a(14)?
6
Let x(c) = -c**3 + 6*c**2 + 9*c - 52. Give x(6).
2
Let s(j) = 7*j + 429. Calculate s(-59).
16
Let l(t) = 2*t**2 + 24*t - 24. Calculate l(-13).
2
Let t(h) = -h**2 - 6*h - 7. What is t(-6)?
-7
Let c(a) = -4*a**3 - 3*a**2 - a + 4. Determine c(-2).
26
Let c(l) = -2*l + 25. What is c(12)?
1
Let z(c) = -14*c - 104. Calculate z(-7).
-6
Let f(h) = -h**3 - 11*h**2 + 14*h + 28. What is f(-12)?
4
Let d(n) = n**3 + 5*n**2 + 3*n. What is d(-4)?
4
Let z(r) = -56*r - 14. What is z(2)?
-126
Let j(b) = -b - 1. What is j(2)?
-3
Let z(g) = 5*g + 37. Calculate z(-8).
-3
Let l(b) = -8*b - 227. Calculate l(-29).
5
Let s(k) = k**2 - 9*k + 26. Calculate s(5).
6
Let n(o) = -o**2 + 8*o - 9. Calculate n(5).
6
Let w(b) = -b**2 - 2*b + 4. What is w(-5)?
-11
Let z(g) = g + 3. What is z(10)?
13
Let b(y) = -9*y - 22. Determine b(-5).
23
Let a(p) = -6*p**2 + 6*p + 2. Calculate a(-1).
-10
Let g(r) = -r**3 + 14*r**2 + 17*r - 13. Determine g(15).
17
Let p(k) = 2*k - 1. Determine p(-3).
-7
Let g(m) = 2*m**2 - 15. Calculate g(-4).
17
Let a(v) = -v**2 - 9*v - 3. Determine a(-8).
5
Let z(v) = -v + 13. Give z(8).
5
Let z(g) = -9*g + 84. Give z(11).
-15
Let v(n) = 2*n**2 + 68*n + 72. Give v(-33).
6
Let q(l) = -l + 24. Give q(7).
17
Let x(r) = r**3 + 10*r**2 - 10*r + 7. Calculate x(-11).
-4
Let o(h) = h**2 + 9*h - 67. Calculate o(5).
3
Let d(r) = r**2 - 12*r + 15. Calculate d(10).
-5
Let i(d) = 41*d**3 + 1. Give i(1).
42
Let i(v) = 5*v + 118. Give i(-15).
43
Let q(c) = -90*c**2 - 2*c - 1. Determine q(-1).
-89
Let g(w) = 12*w + 39. Determine g(-5).
-21
Let y(l) = -80*l**3 - l**2 + 1. Calculate y(-1).
80
Let x(i) = i**2 + 21*i + 10. Calculate x(-21).
10
Let i(b) = 9*b**2 - 2*b - 2. Give i(-1).
9
Let a(f) = -f**3 - 9*f**2 + f + 11. Give a(-9).
2
Let j(m) = m**3 - 4*m**2 - 5*m + 9. Calculate j(7).
121
Let o(m) = -m**3 + m**2 + m + 2. Determine o(0).
2
Let c(x) = 7*x**3 - x + 1. Determine c(1).
7
Let m(t) = -3*t - 111. What is m(-37)?
0
Let g(y) = -y**3 - 5*y**2 + 4*y + 5. Calculate g(-4).
-27
Let y(u) = -u**2 + 16*u - 17. Determine y(16).
-17
Let q(m) = -41*m - 10. Determine q(-2).
72
Let a(d) = -2*d**3 - 16*d**2 + 40*d. Determine a(-10).
0
Let g(s) = -32*s + 439. What is g(14)?
-9
Let g(w) = -w**3 + 20*w**2 + 22*w - 17. What is g(21)?
4
Let k(u) = u**3 - 14*u**2 - 2*u + 17. What is k(14)?
-11
Let u(j) = -j**2 - 8*j + 1. Determine u(-7).
8
Let o(d) = -d**2 - d - 11. What is o(8)?
-83
Let r(v) = v**3 - 2*v**2 + 39*v - 80. Give r(2).
-2
Let s(b) = -15*b - 13. What is s(-4)?
47
Let u(q) = -q**3 + 6*q**2 - 6*q + 11. What is u(5)?
6
Let h(z) = -z**3 + 5*z**2 + 16*z - 10. What is h(7)?
4
Let m(n) = -2*n**2 + 6. What is m(6)?
-66
Let o(j) = -42*j**3 - j**2 + 1. Calculate o(-1).
42
Let w(h) = h**2 + 5*h - 13. Determine w(-8).
11
Let y(l) = l + 17. What is y(31)?
48
Let z(a) = a**3 + 11*a**2 - 4*a - 7. Determine z(-11).
37
Let y(t) = 2*t + 3. What is y(-4)?
-5
Let l(h) = -2*h**2 - 31*h - 52. What is l(-13)?
13
Let m(c) = c**2 - 10*c + 11. Determine m(8).
-5
Let w(c) = -4*c + 18. What is w(10)?
-22
Let s(j) = -8*j + 6. Calculate s(5).
-34
Let j(a) = a**2 - 10*a - 2. Calculate j(13).
37
Let u(w) = -8*w + 14. Determine u(7).
-42
Let g(k) = k**3 + 6*k**2 - 3*k + 6. Give g(-5).
46
Let u(h) = 2*h + 6. Give u(-6).
-6
Let b(l) = l**2 + 14*l - 179. Calculate b(-22).
-3
Let o(d) = -d**3 - 7*d**2 - 8*d - 9. What is o(-6)?
3
Let a(y) = -y**2 + 4*y + 32. Determine a(10).
-28
Let i(a) = -16*a**2 - 6*a + 1. What is i(-1)?
-9
Let p(a) = -2*a**2 + 6*a - 1. What is p(-2)?
-21
Let a(c) = c**3 - 7*c**2 + 5*c + 6. Calculate a(6).
0
Let b(o) = 25*o**3 - 2*o**2 - 9*o - 8. What is b(-1)?
-26
Let t(d) = -d**3 + 19*d**2 + 46*d - 49. Determine t(21).
35
Let t(i) = -i**2 - 11*i - 3. Determine t(-11).
-3
Let k(b) = -23*b**3 - b**2 + 1. Give k(-1).
23
Let g(w) = -w**2 - 12*w + 51. What is g(-13)?
38
Let n(x) = x**3 - 4*x**2 - 5*x + 27. Calculate n(6).
69
Let y(c) = c**3 + 13*c**2 - 14*c - 3. What is y(-14)?
-3
Let p(s) = s**3 - 14*s**2 - 3*s + 6. Give p(14).
-36
Let p(a) = -a**2 - 8*a - 2. What is p(-7)?
5
Let j(g) = -g**2 - 7*g + 4. Determine j(-7).
4
Let a(x) = -x + 19. Determine a(12).
7
Let h(s) = -s**3 + 10*s**2 + 58. Determine h(11).
-63
Let c(o) = -2*o + 7. Determine c(5).
-3
Let d(n) = 3*n - 50. What is d(24)?
22
Let n(j) = -6*j - 141. Give n(-22).
-9
Let p(q) = -4*q - 65. Calculate p(-15).
-5
Let a(j) = 6*j - 22. Give a(7).
20
Let r(i) = 2*i**3 + 9*i**2 + 6*i + 5. Calculate r(-4).
-3
Let w(l) = l + 23. Determine w(-10).
13
Let y(v) = -v**2 - 4*v + 17. Give y(-4).
17
Let r(u) = -53*u + 1. Determine r(-1).
54
Let x(t) = -17*t**3 - t**2 - t + 1. Determine x(-1).
18
Let b(f) = -10*f - 2. Give b(-2).
18
Let z(s) = -18*s**3 + s**2 - s. Give z(1).
-18
Let g(a) = a**2 + a + 7. Calculate g(5).
37
Let v(i) = -i**3 + 3*i**2 + 3*i - 16. Determine v(3).
-7
Let z(i) = 2*i**3 - 12*i**2 - 1. Give z(6).
-1
Let v(f) = -f**3 - 23*f**2 + 24*f + 35. What is v(-24)?
35
Let z(k) = 31*k - 567. What is z(19)?
22
Let n(g) = 14*g + 2. Calculate n(2).
30
Let q(u) = u**3 + 6*u**2 - 13*u - 1. Determine q(-7).
41
Let q(a) = 6*a - 26. Determine q(6).
10
Let u(p) = -10*p - 2. Determine u(-4).
38
Let l(n) = -32*n + 3. Determine l(2).
-61
Let r(v) = -7*v + 138. What is r(21)?
-9
Let u(a) = 2*a**3 + 31*a**2 - 14*a - 21. Calculate u(-16).
-53
Let x(g) = -g - 22. Determine x(-21).
-1
Let z(y) = -2*y**2 + 17*y - 18. Determine z(6).
12
Let y(k) = 3*k**2 + 24*k - 12. Give y(-8).
-12
Let o(m) = -5*m + 189. Calculate o(38).
-1
Let o(s) = -s + 12. Calculate o(13).
-1
Let d(z) = -z**2 - 10*z + 15. Give d(-14).
-41
Let x(s) = -7*s + 36. Give x(6).
-6
Let c(m) = m**3 - 3*m**2 - 15*m + 22. Determine c(7).
113
Let y(a) = 2*a**2 - 4*a + 6. Give y(0).
6
Let s(y) = -y**3 + 4*y**2 + 11*y - 29. Determine s(4).
15
Let a(n) = -22*n + 189. What is a(8)?
13
Let g(t) = t**3 + 32*t**2 + 63*t + 98. Determine g(-30).
8
Let z(l) = l**3 + 9*l**2 - 20*l + 11. Give z(-11).
-11
Let b(w) = -w**2 + 3*w + 28. Calculate b(-4).
0
Let d(b) = -2*b**3 + b**2 - 1. Calculate d(3).
-46
Let s(g) = -g**3 + 14*g**2 + 16*g - 10. What is s(15)?
5
Let u(z) = 3*z - 51. Calculate u(17).
0
Let d(w) = -3*w**2 + 18*w - 36. What is d(2)?
-12
Let v(l) = 4*l**2 + 5*l - 2. Determine v(-4).
42
Let q(d) = d**2 - 22*d - 75. Calculate q(-3).
0
Let m(x) = -x**3 - 3*x**2 - x - 6. What is m(-3)?
-3
Let x(c) = -c**2 - 18*c + 30. Determine x(-22).
-58
Let c(z) = 15*z - 1. What is c(1)?
14
Let n(m) = m**2 - 10*m + 10. Calculate n(11).
21
Let o(c) = c**3 + 14*c**2 + 14*c + 16. What is o(-13)?
3
Let x(m) = -90*m**3 + m**2 + 2*m + 1. Give x(-1).
90
Let h(s) = -10*s + 32. Give h(10).
-68
Let m(r) = r**2 - 14*r + 29. Calculate m(15).
44
Let y(t) = 4*t + 5. What is y(-2)?
-3
Let l(o) = 5*o + 20. Give l(-8).
-20
Let m(j) = j + 25. Calculate m(-20).
5
Let m(x) = 3*x - 94. What is m(32)?
2
Let h(j) = -j**3 - 10*j**2 - 2*j - 15. Calculate h(-10).
5
Let t(b) = -b**2 + 6*b - 6. Determine t(4).
2
Let m(c) = c**2 - 10*c + 12. Calculate m(8).
-4
Let b(h) = 53*h - 21. Determine b(-2).
-127
Let n(r) = 2*r**2 + 13*r + 7. Calculate n(-5).
-8
Let z(j) = -j**3 - j**2 - 2*j - 9. Determine z(-2).
-1
Let g(b) = -13*b - 70. Give g(-5).
-5
Let w(o) = o**3 - 15*o**2 + 15*o - 11. What is w(14)?
3
Let l(n) = n - 18. Determine l(11).
-7
Let p(t) = -2*t**2 - 15*t + 1. Determine p(-7).
8
Let x(h